{"id":2,"date":"2025-07-01T17:02:16","date_gmt":"2025-07-01T15:02:16","guid":{"rendered":"https:\/\/prospel.eu\/bip\/?page_id=2"},"modified":"2026-03-13T13:37:25","modified_gmt":"2026-03-13T12:37:25","slug":"przykladowa-strona","status":"publish","type":"page","link":"https:\/\/lubawka.eu\/bip\/","title":{"rendered":"Strona g\u0142\u00f3wna"},"content":{"rendered":"<div id=\"pl-2\"  class=\"panel-layout\" ><div id=\"pg-2-0\"  class=\"panel-grid panel-no-style\" ><div id=\"pgc-2-0-0\"  class=\"panel-grid-cell panel-grid-cell-empty\" ><\/div><\/div><div id=\"pg-2-1\"  class=\"panel-grid panel-no-style\" ><div id=\"pgc-2-1-0\"  class=\"panel-grid-cell\" ><div id=\"panel-2-1-0-0\" class=\"so-panel widget widget_sow-headline panel-first-child\" data-index=\"0\" ><div\n\t\t\t\n\t\t\tclass=\"so-widget-sow-headline so-widget-sow-headline-default-ec1eb4cebc48-2\"\n\t\t\t\n\t\t><div class=\"sow-headline-container \">\n\t\t\t\t\t\t\t<h2 class=\"sow-headline\">\n\t\t\t\t\t\tMenu\t\t\t\t\t\t<\/h2>\n\t\t\t\t\t\t\t\t\t\t\t<div class=\"decoration\">\n\t\t\t\t\t\t<div class=\"decoration-inside\"><\/div>\n\t\t\t\t\t<\/div>\n\t\t\t\t\t<\/div>\n<\/div><\/div><div id=\"panel-2-1-0-1\" class=\"so-panel widget widget_sow-button\" data-index=\"1\" ><div\n\t\t\t\n\t\t\tclass=\"so-widget-sow-button so-widget-sow-button-flat-1e40959b75ef-2\"\n\t\t\t\n\t\t><div class=\"ow-button-base ow-button-align-center\"\n>\n\t\t\t<a\n\t\t\t\t\thref=\"https:\/\/lubawka.eu\/bip\/sygnalisci\/\"\n\t\t\t\t\tclass=\"sowb-button ow-icon-placement-left ow-button-hover\" \t>\n\t\t<span>\n\t\t\t<span class=\"sow-icon-fontawesome sow-far\" data-sow-icon=\"&#xf24d;\"\n\t\tstyle=\"color: #ffffff\" \n\t\taria-hidden=\"true\"><\/span>\n\t\t\tSygnali\u015bci\t\t<\/span>\n\t\t\t<\/a>\n\t<\/div>\n<\/div><\/div><div id=\"panel-2-1-0-2\" class=\"so-panel widget widget_sow-button\" data-index=\"2\" ><div\n\t\t\t\n\t\t\tclass=\"so-widget-sow-button so-widget-sow-button-flat-1e40959b75ef-2\"\n\t\t\t\n\t\t><div class=\"ow-button-base ow-button-align-center\"\n>\n\t\t\t<a\n\t\t\t\t\thref=\"https:\/\/lubawka.eu\/bip\/standardy-ochrony-maloletnich\/\"\n\t\t\t\t\tclass=\"sowb-button ow-icon-placement-left ow-button-hover\" \t>\n\t\t<span>\n\t\t\t<span class=\"sow-icon-fontawesome sow-far\" data-sow-icon=\"&#xf24d;\"\n\t\tstyle=\"color: #ffffff\" \n\t\taria-hidden=\"true\"><\/span>\n\t\t\tStandardy Ochrony Ma\u0142oletnich\t\t<\/span>\n\t\t\t<\/a>\n\t<\/div>\n<\/div><\/div><div id=\"panel-2-1-0-3\" class=\"so-panel widget widget_sow-button\" data-index=\"3\" ><div\n\t\t\t\n\t\t\tclass=\"so-widget-sow-button so-widget-sow-button-flat-1e40959b75ef-2\"\n\t\t\t\n\t\t><div class=\"ow-button-base ow-button-align-center\"\n>\n\t\t\t<a\n\t\t\t\t\thref=\"https:\/\/lubawka.eu\/bip\/strategia-rozwoju-gminy\/\"\n\t\t\t\t\tclass=\"sowb-button ow-icon-placement-left ow-button-hover\" \t>\n\t\t<span>\n\t\t\t<span class=\"sow-icon-fontawesome sow-far\" data-sow-icon=\"&#xf24d;\"\n\t\tstyle=\"color: #ffffff\" \n\t\taria-hidden=\"true\"><\/span>\n\t\t\tStrategia Rozwoju Gminy\t\t<\/span>\n\t\t\t<\/a>\n\t<\/div>\n<\/div><\/div><div id=\"panel-2-1-0-4\" class=\"so-panel widget widget_sow-button\" data-index=\"4\" ><div\n\t\t\t\n\t\t\tclass=\"so-widget-sow-button so-widget-sow-button-flat-1e40959b75ef-2\"\n\t\t\t\n\t\t><div class=\"ow-button-base ow-button-align-center\"\n>\n\t\t\t<a\n\t\t\t\t\thref=\"https:\/\/lubawka.eu\/bip\/cyberbezpieczenstwo\/\"\n\t\t\t\t\tclass=\"sowb-button ow-icon-placement-left ow-button-hover\" \t>\n\t\t<span>\n\t\t\t<span class=\"sow-icon-fontawesome sow-far\" data-sow-icon=\"&#xf24d;\"\n\t\tstyle=\"color: #ffffff\" \n\t\taria-hidden=\"true\"><\/span>\n\t\t\tCyberbezpiecze\u0144stwo\t\t<\/span>\n\t\t\t<\/a>\n\t<\/div>\n<\/div><\/div><div id=\"panel-2-1-0-5\" class=\"so-panel widget widget_sow-button\" data-index=\"5\" ><div\n\t\t\t\n\t\t\tclass=\"so-widget-sow-button so-widget-sow-button-flat-1e40959b75ef-2\"\n\t\t\t\n\t\t><div class=\"ow-button-base ow-button-align-center\"\n>\n\t\t\t<a\n\t\t\t\t\thref=\"https:\/\/lubawka.eu\/bip\/zamowienia-publiczne\/\"\n\t\t\t\t\tclass=\"sowb-button ow-icon-placement-left ow-button-hover\" \t>\n\t\t<span>\n\t\t\t<span class=\"sow-icon-fontawesome sow-far\" data-sow-icon=\"&#xf24d;\"\n\t\tstyle=\"color: #ffffff\" \n\t\taria-hidden=\"true\"><\/span>\n\t\t\tZam\u00f3wienia Publiczne\t\t<\/span>\n\t\t\t<\/a>\n\t<\/div>\n<\/div><\/div><div id=\"panel-2-1-0-6\" class=\"so-panel widget widget_sow-button\" data-index=\"6\" ><div\n\t\t\t\n\t\t\tclass=\"so-widget-sow-button so-widget-sow-button-flat-1e40959b75ef-2\"\n\t\t\t\n\t\t><div class=\"ow-button-base ow-button-align-center\"\n>\n\t\t\t<a\n\t\t\t\t\thref=\"https:\/\/lubawka.eu\/bip\/regulaminy\/\"\n\t\t\t\t\tclass=\"sowb-button ow-icon-placement-left ow-button-hover\" \t>\n\t\t<span>\n\t\t\t<span class=\"sow-icon-fontawesome sow-far\" data-sow-icon=\"&#xf24d;\"\n\t\tstyle=\"color: #ffffff\" \n\t\taria-hidden=\"true\"><\/span>\n\t\t\tRegulaminy\t\t<\/span>\n\t\t\t<\/a>\n\t<\/div>\n<\/div><\/div><div id=\"panel-2-1-0-7\" class=\"so-panel widget widget_sow-button panel-last-child\" data-index=\"7\" ><div\n\t\t\t\n\t\t\tclass=\"so-widget-sow-button so-widget-sow-button-flat-1e40959b75ef-2\"\n\t\t\t\n\t\t><div class=\"ow-button-base ow-button-align-center\"\n>\n\t\t\t<a\n\t\t\t\t\thref=\"https:\/\/lubawka.eu\/bip\/rodo\/\"\n\t\t\t\t\tclass=\"sowb-button ow-icon-placement-left ow-button-hover\" \t>\n\t\t<span>\n\t\t\t<span class=\"sow-icon-fontawesome sow-far\" data-sow-icon=\"&#xf24d;\"\n\t\tstyle=\"color: #ffffff\" \n\t\taria-hidden=\"true\"><\/span>\n\t\t\tRODO\t\t<\/span>\n\t\t\t<\/a>\n\t<\/div>\n<\/div><\/div><\/div><div id=\"pgc-2-1-1\"  class=\"panel-grid-cell\" ><div id=\"panel-2-1-1-0\" class=\"so-panel widget widget_sow-image panel-first-child\" data-index=\"8\" ><div\n\t\t\t\n\t\t\tclass=\"so-widget-sow-image so-widget-sow-image-default-c67d20f9f743-2\"\n\t\t\t\n\t\t>\n<div class=\"sow-image-container\">\n\t\t<img \n\tsrc=\"https:\/\/lubawka.eu\/bip\/wp-content\/uploads\/sites\/2\/2025\/12\/lubawka.jpg\" width=\"410\" height=\"530\" srcset=\"https:\/\/lubawka.eu\/bip\/wp-content\/uploads\/sites\/2\/2025\/12\/lubawka.jpg 410w, https:\/\/lubawka.eu\/bip\/wp-content\/uploads\/sites\/2\/2025\/12\/lubawka-232x300.jpg 232w\" sizes=\"(max-width: 410px) 100vw, 410px\" alt=\"lubawka\" \t\tclass=\"so-widget-image\"\/>\n\t<\/div>\n\n<\/div><\/div><div id=\"panel-2-1-1-1\" class=\"so-panel widget widget_sow-editor panel-last-child\" data-index=\"9\" ><div\n\t\t\t\n\t\t\tclass=\"so-widget-sow-editor so-widget-sow-editor-base\"\n\t\t\t\n\t\t>\n<div class=\"siteorigin-widget-tinymce textwidget\">\n\t<p>Zapraszam Pa\u0144stwa do Lubawki - miasteczka malowniczo po\u0142o\u017conego u podn\u00f3\u017ca G\u00f3r Kruczych na granicy z Republik\u0105 Czesk\u0105 - dzi\u015b za po\u015brednictwem naszych stron internetowych, jutro by\u0107 mo\u017ce osobi\u015bcie.<\/p>\n<p>Na naszych stronach chcieliby\u015bmy przybli\u017cy\u0107 Pa\u0144stwu walory historyczne, kulturalne, krajobrazowe i rekreacyjne Lubawki i okolic. Chcieliby\u015bmy zapozna\u0107 Pa\u0144stwa z wszystkimi mo\u017cliwo\u015bciami jakie czekaj\u0105 na tych, kt\u00f3rzy u nas i z nami zechc\u0105 robi\u0107 interesy, b\u0105d\u017a odwiedzi\u0107 Lubawk\u0119 i wypocz\u0105\u0107 w g\u00f3rach, blisko przyrody, z dala od zgie\u0142ku.<\/p>\n<p>Gmina posiada du\u017co mo\u017cliwo\u015bci rozwojowych na wielu p\u0142aszczyznach \u017cycia spo\u0142eczno-gospodarczego. Szczeg\u00f3ln\u0105 mo\u017cliwo\u015b\u0107 stwarza po\u0142o\u017cenie na wa\u017cnym szlaku komunikacyjnym Szczecin - Wroc\u0142aw - Praga, \u0142\u0105cz\u0105cym Europ\u0119 Po\u0142udniow\u0105 i P\u00f3\u0142nocn\u0105. Wierzymy, \u017ce nasi przyszli partnerzy znajd\u0105 tu dogodne warunki inwestowania, prowadzenia dzia\u0142alno\u015bci produkcyjnej, us\u0142ugowej i turystycznej, ku zadowoleniu wszystkich.<\/p>\n<p>Burmistrz Miasta<\/p>\n<\/div>\n<\/div><\/div><\/div><div id=\"pgc-2-1-2\"  class=\"panel-grid-cell\" ><div id=\"panel-2-1-2-0\" class=\"so-panel widget widget_sow-editor panel-first-child\" data-index=\"10\" ><div\n\t\t\t\n\t\t\tclass=\"so-widget-sow-editor so-widget-sow-editor-base\"\n\t\t\t\n\t\t>\n<div class=\"siteorigin-widget-tinymce textwidget\">\n\t<p>Lubawka - gmina miejsko-wiejska:<\/p>\n<p>- w wojew\u00f3dztwie dolno\u015bl\u0105skim,<br \/>\n- w powiecie kamiennog\u00f3rskim<br \/>\n- gmin\u0119 zamieszkuje ok. 9 700 mieszka\u0144c\u00f3w,<br \/>\n- powierzchnia gminy wraz z miastem wynosi 13.786 ha,<br \/>\n- w sk\u0142ad gminy wchodzi miasto Lubawka i 14 wsi,<br \/>\n- \u015bwi\u0119tem gminy Lubawka jest pierwsza sobota wrze\u015bnia, czyli dzie\u0144 zwi\u0105zany z przybli\u017con\u0105 dat\u0105 nadania praw miejskich Lubawce przez ksi\u0119cia Bolka I \u015awidnickiego w 1292 r.<\/p>\n<\/div>\n<\/div><\/div><div id=\"panel-2-1-2-1\" class=\"so-panel widget widget_sow-editor panel-last-child\" data-index=\"11\" ><div\n\t\t\t\n\t\t\tclass=\"so-widget-sow-editor so-widget-sow-editor-base\"\n\t\t\t\n\t\t>\n<div class=\"siteorigin-widget-tinymce textwidget\">\n\t<table>\n<tbody>\n<tr>\n<td>RODZAJ GMINY<\/td>\n<td>gmina miejsko-wiejska<\/td>\n<\/tr>\n<tr>\n<td>POWIAT<\/td>\n<td>kamiennog\u00f3rski<\/td>\n<\/tr>\n<tr>\n<td>WOJEW\u00d3DZTWO<\/td>\n<td>dolno\u015bl\u0105skie<\/td>\n<\/tr>\n<tr>\n<td>ADRES<\/td>\n<td>Plac Wolno\u015bci nr 1<\/td>\n<\/tr>\n<tr>\n<td>KOD POCZTOWY<\/td>\n<td>58- 420<\/td>\n<\/tr>\n<tr>\n<td>MIEJSCOWO\u015a\u0106<\/td>\n<td>Lubawka<\/td>\n<\/tr>\n<tr>\n<td>REGON<\/td>\n<td>230821339<\/td>\n<\/tr>\n<tr>\n<td>NIP<\/td>\n<td>614-10-01-909<\/td>\n<\/tr>\n<tr>\n<td>TELEFON<\/td>\n<td>516-319-439<\/td>\n<\/tr>\n<tr>\n<td><\/td>\n<td><\/td>\n<\/tr>\n<tr>\n<td>E-MAIL<\/td>\n<td>lubawka@lubawka.eu<\/td>\n<\/tr>\n<tr>\n<td>NR RACHUNKU BANKOWEGO<\/td>\n<td>14 1600 1462 1837 1762 8000 0001<\/td>\n<\/tr>\n<tr>\n<td>PRZEWODNICZ\u0104CY RADY<\/td>\n<td>Arkadiusz Wierci\u0144ski<\/td>\n<\/tr>\n<tr>\n<td>BURMISTRZ<\/td>\n<td>Andrzej Wojdy\u0142a<\/td>\n<\/tr>\n<tr>\n<td>ZAST\u0118PCA BURMISTRZA<\/td>\n<td>Agnieszka D\u0142ugosz<\/td>\n<\/tr>\n<tr>\n<td>SKARBNIK<\/td>\n<td>Monika Stanek-Gamo\u0144<\/td>\n<\/tr>\n<tr>\n<td>SEKRETARZ<\/td>\n<td>Beata \u015anie\u017cna<\/td>\n<\/tr>\n<\/tbody>\n<\/table>\n<\/div>\n<\/div><\/div><\/div><\/div><div id=\"pg-2-2\"  class=\"panel-grid panel-no-style\" ><div id=\"pgc-2-2-0\"  class=\"panel-grid-cell\" ><div id=\"panel-2-2-0-0\" class=\"so-panel widget widget_sow-editor panel-first-child panel-last-child\" data-index=\"12\" ><div class=\"panel-widget-style panel-widget-style-for-2-2-0-0\" ><div\n\t\t\t\n\t\t\tclass=\"so-widget-sow-editor so-widget-sow-editor-base\"\n\t\t\t\n\t\t>\n<div class=\"siteorigin-widget-tinymce textwidget\">\n\t<p>&nbsp;<\/p>\n<p style=\"text-align: center;\"><span style=\"color: #ffffff;\">Adres: Pl. Wolno\u015bci 1<\/span><br \/>\n<span style=\"color: #ffffff;\">58-420 Lubawka<\/span><br \/>\n<span style=\"color: #ffffff;\">E-mail: lubawka@lubawka.eu<\/span><br \/>\n<span style=\"color: #ffffff;\">Telefon: 516 319 439<\/span><br \/>\n<span style=\"color: #ffffff;\"> <\/span><\/p>\n<hr \/>\n<p style=\"text-align: center;\"><span style=\"color: #ffffff;\">Poniedzia\u0142ek 7:30 - 17:00<\/span><br \/>\n<span style=\"color: #ffffff;\">Wtorek 7:30 - 15:30<\/span><br \/>\n<span style=\"color: #ffffff;\">\u015aroda 7:30 - 15:30<\/span><br \/>\n<span style=\"color: #ffffff;\">Czwartek 7:30 - 15:30 *Dzie\u0144 bez obs\u0142ugi interesant\u00f3w w Wydziale Inwestycji i Infrastruktury<\/span><br \/>\n<span style=\"color: #ffffff;\">Pi\u0105tek 7:30 - 14:00<\/span><\/p>\n<p>&nbsp;<\/p>\n<\/div>\n<\/div><\/div><\/div><\/div><\/div><\/div>","protected":false},"excerpt":{"rendered":"<p>Zapraszam Pa\u0144stwa do Lubawki &#8211; miasteczka malowniczo po\u0142o\u017conego u podn\u00f3\u017ca G\u00f3r Kruczych na granicy z Republik\u0105 Czesk\u0105 &#8211; dzi\u015b za po\u015brednictwem naszych stron internetowych, jutro by\u0107 mo\u017ce osobi\u015bcie. Na naszych stronach chcieliby\u015bmy przybli\u017cy\u0107 Pa\u0144stwu walory historyczne, kulturalne, krajobrazowe i rekreacyjne Lubawki i okolic. Chcieliby\u015bmy zapozna\u0107 Pa\u0144stwa z wszystkimi mo\u017cliwo\u015bciami jakie czekaj\u0105 na tych, kt\u00f3rzy u [&hellip;]<\/p>\n","protected":false},"author":1,"featured_media":0,"parent":0,"menu_order":0,"comment_status":"closed","ping_status":"open","template":"","meta":{"footnotes":""},"class_list":["post-2","page","type-page","status-publish","hentry"],"_links":{"self":[{"href":"https:\/\/lubawka.eu\/bip\/wp-json\/wp\/v2\/pages\/2","targetHints":{"allow":["GET"]}}],"collection":[{"href":"https:\/\/lubawka.eu\/bip\/wp-json\/wp\/v2\/pages"}],"about":[{"href":"https:\/\/lubawka.eu\/bip\/wp-json\/wp\/v2\/types\/page"}],"author":[{"embeddable":true,"href":"https:\/\/lubawka.eu\/bip\/wp-json\/wp\/v2\/users\/1"}],"replies":[{"embeddable":true,"href":"https:\/\/lubawka.eu\/bip\/wp-json\/wp\/v2\/comments?post=2"}],"version-history":[{"count":39,"href":"https:\/\/lubawka.eu\/bip\/wp-json\/wp\/v2\/pages\/2\/revisions"}],"predecessor-version":[{"id":730,"href":"https:\/\/lubawka.eu\/bip\/wp-json\/wp\/v2\/pages\/2\/revisions\/730"}],"wp:attachment":[{"href":"https:\/\/lubawka.eu\/bip\/wp-json\/wp\/v2\/media?parent=2"}],"curies":[{"name":"wp","href":"https:\/\/api.w.org\/{rel}","templated":true}]}}